8329?
2617, 29537
List the prime factors of 327903886.
2, 163951943
List the prime factors of 729102981.
3, 31, 7839817
What are the prime factors of 140744237?
140744237
What are the prime factors of 2581226317?
43, 4987, 12037
List the prime factors of 48045687.
3, 16015229
List the prime factors of 285327712.
2, 19, 113, 4153
What are the prime factors of 2469665180?
2, 5, 123483259
What are the prime factors of 153111394?
2, 7321, 10457
List the prime factors of 238159494.
2, 3, 17, 61, 4253
List the prime factors of 1169666510.
2, 5, 547, 213833
List the prime factors of 65852839.
13, 5065603
List the prime factors of 476536557.
3, 7, 31, 829, 883
What are the prime factors of 1075842369?
3, 7, 211, 80933
What are the prime factors of 196167625?
5, 59, 67, 397
List the prime factors of 146549389.
7, 61, 457, 751
What are the prime factors of 91681328?
2, 619, 9257
What are the prime factors of 745775931?
3, 47, 113, 46807
List the prime factors of 365702652.
2, 3, 7, 19, 76379
List the prime factors of 190766399.
41, 4652839
List the prime factors of 1069297375.
5, 8554379
List the prime factors of 1537221059.
11, 139747369
What are the prime factors of 915552293?
11941, 76673
What are the prime factors of 249466943?
11, 22678813
What are the prime factors of 17514452?
2, 73, 59981
What are the prime factors of 335125283?
31, 10810493
List the prime factors of 76565055.
3, 5, 7, 729191
What are the prime factors of 102164885?
5, 20432977
List the prime factors of 156991512.
2, 3, 53, 83, 1487
List the prime factors of 3266527059.
3, 362947451
What are the prime factors of 2317739?
1297, 1787
What are the prime factors of 118157417?
7, 23, 109, 6733
What are the prime factors of 183023841?
3, 7, 11, 13, 59, 1033
List the prime factors of 445232275.
5, 23, 774317
What are the prime factors of 51582306?
2, 3, 8597051
List the prime factors of 61298495.
5, 631, 19429
List the prime factors of 121867302.
2, 3, 3533, 5749
List the prime factors of 96027325.
5, 491, 7823
What are the prime factors of 32491719?
3, 13, 92569
List the prime factors of 387507325.
5, 15500293
What are the prime factors of 29851882?
2, 2207, 6763
List the prime factors of 1787705263.
43, 41574541
What are the prime factors of 10704464?
2, 669029
List the prime factors of 36166247.
13, 2782019
What are the prime factors of 436870063?
7, 17, 37, 313, 317
List the prime factors of 78655542.
2, 3, 7, 1872751
What are the prime factors of 100871601?
3, 33623867
What are the prime factors of 869298375?
3, 5, 11, 210739
List the prime factors of 9295101.
3, 344263
What are the prime factors of 221730922?
2, 7, 15837923
What are the prime factors of 305182413?
3, 73, 223, 2083
List the prime factors of 298249380.
2, 3, 5, 11, 13, 11587
What are the prime factors of 4591723466?
2, 11, 208714703
What are the prime factors of 764228327?
764228327
What are the prime factors of 253428341?
253428341
What are the prime factors of 2308811770?
2, 5, 230881177
List the prime factors of 1798898833.
1798898833
What are the prime factors of 704195051?
7, 100599293
List the prime factors of 35638363.
37, 179, 5381
List the prime factors of 155884493.
19, 22727
What are the prime factors of 553728929?
13, 29, 71, 137, 151
What are the prime factors of 631359252?
2, 3, 5845919
What are the prime factors of 30066644?
2, 37, 223, 911
List the prime factors of 1203428542.
2, 8243, 72997
What are the prime factors of 31960746?
2, 3, 1775597
What are the prime factors of 38391782?
2, 11, 13, 241, 557
List the prime factors of 108151386.
2, 3, 7, 263, 9791
List the prime factors of 163904299.
13, 12608023
What are the prime factors of 1779454606?
2, 5657, 157279
What are the prime factors of 98300300?
2, 5, 7, 19, 389
List the prime factors of 240978016.
2, 7530563
List the prime factors of 905018911.
905018911
What are the prime factors of 9593148?
2, 3, 167, 4787
List the prime factors of 76095141.
3, 25365047
List the prime factors of 655946021.
655946021
List the prime factors of 107564176.
2, 6722761
List the prime factors of 126897793.
11, 443, 26041
What are the prime factors of 1487169540?
2, 3, 5, 8262053
List the prime factors of 6371539243.
61, 457, 228559
List the prime factors of 648703.
11, 17, 3469
List the prime factors of 143521435.
5, 29, 989803
What are the prime factors of 2439681477?
3, 813227159
List the prime factors of 173908061.
173908061
What are the prime factors of 90177034?
2, 45088517
List the prime factors of 780486562.
2, 3209, 121609
What are the prime factors of 405599664?
2, 3, 23, 367391
List the prime factors of 61703519.
61703519
What are the prime factors of 820444130?
2, 5, 11, 19, 127, 281
What are the prime factors of 67355020?
2, 5, 17, 397, 499
What are the prime factors of 10790476?
2, 1013, 2663
List the prime factors of 138694019.
37, 3748487
List the prime factors of 855743883.
3, 53, 5382037
List the prime factors of 4421199963.
3, 1473733321
List the prime factors of 101376178.
2, 373, 135893
What are the prime factors of 78789206?
2, 37, 743, 1433
List the prime factors of 1951861856.
2, 7, 149, 58481
What are the prime factors of 1723011485?
5, 13, 19, 97, 757
List the prime factors of 413529446.
2, 11, 18796793
List the prime factors of 43423954.
2, 7, 23, 134857
List the prime factors of 1983300283.
1983300283
What are the prime factors of 140906080?
2, 5, 7, 97, 1297
List the prime factors of 568742510.
2, 5, 7, 43, 26993
List the prime factors of 122499821.
19, 257, 25087
What are the prime factors of 2289912591?
3, 23, 997, 33287
List the prime factors of 276506676.
2, 3, 2560247
List the prime factors of 755848120.
2, 5, 19, 41, 127, 191
What are the prime factors of 188848236?
2, 3, 79, 199207
What are the prime factors of 34166390?
2, 5, 3416639
List the prime factors of 119149879.
37, 3220267
List the prime factors of 45159203.
37, 32987
List the prime factors of 4368672939.
3, 1456224313
What are the prime factors of 480255801?
3, 23, 701, 9929
List the prime factors of 4000737.
3, 13, 607
List the prime factors of 1504643118.
2, 3, 11, 23, 991201
What are the prime factors of 1234857216?
2, 3, 79, 20353
List the prime factors of 16868772.
2, 3, 468577
What are the prime factors of 134223011?
13, 19, 41801
What are the prime factors of 381540380?
2, 5, 13, 347, 4229
List the prime factors of 94574544.
2, 3, 43, 45821
What are the prime factors of 38257872?
2, 3, 797039
List the prime factors of 606487789.
606487789
List the prime factors of 92602134.
2, 3, 43, 181, 661
What are the prime factors of 3067266092?
2, 11, 69710593
What are the prime factors of 266785024?
2, 11, 211, 449
List the prime factors of 500279705.
5, 31, 3227611
List the prime factors of 4262812062.
2, 3, 710468677
List the prime factors of 4252270193.
83, 51232171
What are the prime factors of 1816308950?
2, 5, 107, 257, 1321
What are the prime factors of 497622976?
2, 769, 10111
List the prime factors of 342629462.
2, 7, 3496219
List the prime factors of 4972935517.
11, 452085047
List the prime factors of 2169197589.
3, 13, 55620451
List the prime factors of 110973257.
110973257
List the prime factors of 156301285.
5, 7, 67, 66653
List the prime factors of 179767935.
3, 5, 3994843
What are the prime factors of 113094393?
3, 37698131
What are the prime factors of 50402252?
2, 12600563
What are the prime factors of 4933529000?
2, 5, 4933529
List the prime factors of 1397946865.
5, 7, 41, 974179
List the prime factors of 6794972.
2, 89, 19087
List the prime factors of 1570206347.
1570206347
What are the prime factors of 513110497?
521, 757, 1301
List the prime factors of 448437923.
23, 2549, 7649
List the prime factors of 90046991.
90046991
What are the prime factors of 3895708799?
37, 105289427
What are the prime factors of 43486539?
3, 14495513
List the prime factors of 409061845.
5, 5387, 15187
What are the prime factors of 21912797?
53, 643
What are the prime factors of 4354414317?
3, 11, 1181, 37243
List the prime factors of 162009464.
2, 20251183
List the prime factors of 1266656267.
1266656267
List the prime factors of 8936727.
3, 29, 139, 739
List the prime factors of 894211258.
2, 863, 518083
What are the prime factors of 403487044?
2, 17, 109, 54437
Li